{"id":2,"date":"2025-08-06T08:19:08","date_gmt":"2025-08-06T06:19:08","guid":{"rendered":"http:\/\/www.emdekonsult.se\/?page_id=2"},"modified":"2025-08-06T08:19:08","modified_gmt":"2025-08-06T06:19:08","slug":"exempelsida","status":"publish","type":"page","link":"https:\/\/www.emdekonsult.se\/?page_id=2","title":{"rendered":"Om mig"},"content":{"rendered":"\n<div class=\"wp-block-media-text is-stacked-on-mobile\"><figure class=\"wp-block-media-text__media\"><img loading=\"lazy\" decoding=\"async\" width=\"309\" height=\"283\" src=\"https:\/\/www.emdekonsult.se\/wp-content\/uploads\/2025\/08\/Mia-closeup.jpg\" alt=\"\" class=\"wp-image-64 size-full\" srcset=\"https:\/\/www.emdekonsult.se\/wp-content\/uploads\/2025\/08\/Mia-closeup.jpg 309w, https:\/\/www.emdekonsult.se\/wp-content\/uploads\/2025\/08\/Mia-closeup-300x275.jpg 300w\" sizes=\"auto, (max-width: 309px) 100vw, 309px\" \/><\/figure><div class=\"wp-block-media-text__content\">\n<p>Jag heter Mia och driver EMDE konsult med passion f\u00f6r h\u00e5llbar utveckling av individ, organisation och aff\u00e4r.<\/p>\n<\/div><\/div>\n\n\n\n<p class=\"has-small-font-size\">Min styrka ligger i att kombinera strategisk analys och med ett varmt bem\u00f6tande och genomf\u00f6rande. Jag har l\u00e4tt f\u00f6r att skapa f\u00f6rtroende och relationer p\u00e5 alla niv\u00e5er i organisationen och arbetar involverande, strukturerat och m\u00e5linriktat.<\/p>\n\n\n\n<p class=\"has-small-font-size\">Jag har \u00f6ver 20 \u00e5rs erfarenhet fr\u00e5n olika HR-roller inom st\u00f6rre koncerner och mindre bolag. Genom \u00e5ren har jag lett komplexa f\u00f6r\u00e4ndringsresor, byggt upp HR-funktioner fr\u00e5n grunden, lett HR-avdelningar och st\u00f6ttat ledare under tillv\u00e4xt, nedsk\u00e4rningar, f\u00f6rv\u00e4rv, avyttringar, utveckling, personal\u00e4renden och kriser.<\/p>\n\n\n\n<p class=\"has-small-font-size\">Min erfarenhet ligger speciellt inom:<\/p>\n\n\n\n<ul class=\"wp-block-list\">\n<li class=\"has-small-font-size\">Strategisk HR och organisationsutveckling<\/li>\n\n\n\n<li class=\"has-small-font-size\">F\u00f6r\u00e4ndringsledning och projektledning<\/li>\n\n\n\n<li class=\"has-small-font-size\">Employer branding och ledarst\u00f6d<\/li>\n\n\n\n<li class=\"has-small-font-size\">HR-system och digital transformation<\/li>\n\n\n\n<li class=\"has-small-font-size\">Arbetsr\u00e4tt, f\u00f6rhandling och talent management<\/li>\n\n\n\n<li class=\"has-small-font-size\">Kompetensf\u00f6rs\u00f6rjning, rekrytering och medarbetarutveckling<\/li>\n<\/ul>\n\n\n\n<p class=\"has-small-font-size\">Efter 18 \u00e5r som anst\u00e4lld startade jag mitt konsultbolag EMDE konsult AB och har sedan dess fr\u00e4mst jobbat som interim HR-chef, med kortare konsultuppdrag som komplement.<\/p>\n\n\n\n<div class=\"wp-block-buttons is-layout-flex wp-block-buttons-is-layout-flex\">\n<div class=\"wp-block-button\"><a class=\"wp-block-button__link has-text-align-right wp-element-button\" href=\"mia@emdekonsult.se\" target=\"_blank\" rel=\"noreferrer noopener\">\ud83d\udcdeKontakta mig<\/a><\/div>\n<\/div>\n\n\n\n<p><\/p>\n","protected":false},"excerpt":{"rendered":"<p>Jag heter Mia och driver EMDE konsult med passion f\u00f6r h\u00e5llbar utveckling av individ, organisation och aff\u00e4r. Min styrka ligger i att kombinera strategisk analys och med ett varmt bem\u00f6tande och genomf\u00f6rande. Jag har l\u00e4tt f\u00f6r att skapa f\u00f6rtroende och relationer p\u00e5 alla niv\u00e5er i organisationen och arbetar involverande, strukturerat och m\u00e5linriktat. Jag har \u00f6ver&hellip; <a class=\"more-link\" href=\"https:\/\/www.emdekonsult.se\/?page_id=2\">Forts\u00e4tt l\u00e4sa <span class=\"screen-reader-text\">Om mig<\/span><\/a><\/p>\n","protected":false},"author":1,"featured_media":0,"parent":22,"menu_order":0,"comment_status":"closed","ping_status":"open","template":"","meta":{"footnotes":""},"class_list":["post-2","page","type-page","status-publish","hentry","entry"],"_links":{"self":[{"href":"https:\/\/www.emdekonsult.se\/index.php?rest_route=\/wp\/v2\/pages\/2","targetHints":{"allow":["GET"]}}],"collection":[{"href":"https:\/\/www.emdekonsult.se\/index.php?rest_route=\/wp\/v2\/pages"}],"about":[{"href":"https:\/\/www.emdekonsult.se\/index.php?rest_route=\/wp\/v2\/types\/page"}],"author":[{"embeddable":true,"href":"https:\/\/www.emdekonsult.se\/index.php?rest_route=\/wp\/v2\/users\/1"}],"replies":[{"embeddable":true,"href":"https:\/\/www.emdekonsult.se\/index.php?rest_route=%2Fwp%2Fv2%2Fcomments&post=2"}],"version-history":[{"count":12,"href":"https:\/\/www.emdekonsult.se\/index.php?rest_route=\/wp\/v2\/pages\/2\/revisions"}],"predecessor-version":[{"id":130,"href":"https:\/\/www.emdekonsult.se\/index.php?rest_route=\/wp\/v2\/pages\/2\/revisions\/130"}],"up":[{"embeddable":true,"href":"https:\/\/www.emdekonsult.se\/index.php?rest_route=\/wp\/v2\/pages\/22"}],"wp:attachment":[{"href":"https:\/\/www.emdekonsult.se\/index.php?rest_route=%2Fwp%2Fv2%2Fmedia&parent=2"}],"curies":[{"name":"wp","href":"https:\/\/api.w.org\/{rel}","templated":true}]}}

<div class="wp-block-media-text is-stacked-on-mobile"><figure class="wp-block-media-text__media"><img loading="lazy" decoding="async" width="309" height="283" src="https://www.emdekonsult.se/wp-content/uploads/2025/08/Mia-closeup.jpg" alt="" class="wp-image-64 size-full" srcset="https://www.emdekonsult.se/wp-content/uploads/2025/08/Mia-closeup.jpg 309w, https://www.emdekonsult.se/wp-content/uploads/2025/08/Mia-closeup-300x275.jpg 300w" sizes="auto, (max-width: 309px) 100vw, 309px" /></figure><div class="wp-block-media-text__content">
<p>Jag heter Mia och driver EMDE konsult med passion för hållbar utveckling av individ, organisation och affär.</p>
</div></div>



<p class="has-small-font-size">Min styrka ligger i att kombinera strategisk analys och med ett varmt bemötande och genomförande. Jag har lätt för att skapa förtroende och relationer på alla nivåer i organisationen och arbetar involverande, strukturerat och målinriktat.</p>



<p class="has-small-font-size">Jag har över 20 års erfarenhet från olika HR-roller inom större koncerner och mindre bolag. Genom åren har jag lett komplexa förändringsresor, byggt upp HR-funktioner från grunden, lett HR-avdelningar och stöttat ledare under tillväxt, nedskärningar, förvärv, avyttringar, utveckling, personalärenden och kriser.</p>



<p class="has-small-font-size">Min erfarenhet ligger speciellt inom:</p>



<ul class="wp-block-list">
<li class="has-small-font-size">Strategisk HR och organisationsutveckling</li>



<li class="has-small-font-size">Förändringsledning och projektledning</li>



<li class="has-small-font-size">Employer branding och ledarstöd</li>



<li class="has-small-font-size">HR-system och digital transformation</li>



<li class="has-small-font-size">Arbetsrätt, förhandling och talent management</li>



<li class="has-small-font-size">Kompetensförsörjning, rekrytering och medarbetarutveckling</li>
</ul>



<p class="has-small-font-size">Efter 18 år som anställd startade jag mitt konsultbolag EMDE konsult AB och har sedan dess främst jobbat som interim HR-chef, med kortare konsultuppdrag som komplement.</p>



<div class="wp-block-buttons is-layout-flex wp-block-buttons-is-layout-flex">
<div class="wp-block-button"><a class="wp-block-button__link has-text-align-right wp-element-button" href="mia@emdekonsult.se" target="_blank" rel="noreferrer noopener">📞Kontakta mig</a></div>
</div>



<p></p>

<p>Jag heter Mia och driver EMDE konsult med passion för hållbar utveckling av individ, organisation och affär. Min styrka ligger i att kombinera strategisk analys och med ett varmt bemötande och genomförande. Jag har lätt för att skapa förtroende och relationer på alla nivåer i organisationen och arbetar involverande, strukturerat och målinriktat. Jag har över&hellip; <a class="more-link" href="https://www.emdekonsult.se/?page_id=2">Fortsätt läsa <span class="screen-reader-text">Om mig</span></a></p>
